{"id":6,"date":"2025-09-07T08:04:42","date_gmt":"2025-09-07T11:04:42","guid":{"rendered":"http:\/\/phesportesecultura.com.br\/?page_id=6"},"modified":"2025-09-07T08:04:42","modified_gmt":"2025-09-07T11:04:42","slug":"home","status":"publish","type":"page","link":"https:\/\/phesportesecultura.com.br\/index.php\/home\/","title":{"rendered":"home"},"content":{"rendered":"\n<pre class=\"wp-block-code\"><code>&lt;!-- wp:group {\"metadata\":{\"categories\":&#91;\"about\"],\"name\":\"About\",\"patternName\":\"assembler\/about-1\",\"patternCategory\":\"about\",\"remotePatternId\":13552},\"align\":\"full\",\"className\":\"alignfull is-style-default\",\"style\":{\"spacing\":{\"margin\":{\"top\":\"0\",\"bottom\":\"0\"},\"padding\":{\"top\":\"var:preset|spacing|40\",\"bottom\":\"var:preset|spacing|40\"}}},\"layout\":{\"type\":\"constrained\",\"justifyContent\":\"center\"}} -->\n&lt;div class=\"wp-block-group alignfull is-style-default\" id=\"about-section\" style=\"margin-top:0;margin-bottom:0;padding-top:var(--wp--preset--spacing--40);padding-bottom:var(--wp--preset--spacing--40)\">&lt;!-- wp:columns {\"verticalAlignment\":\"center\",\"align\":\"wide\",\"style\":{\"spacing\":{\"blockGap\":{\"top\":\"var:preset|spacing|40\",\"left\":\"var:preset|spacing|40\"}}}} -->\n&lt;div class=\"wp-block-columns alignwide are-vertically-aligned-center\">&lt;!-- wp:column {\"verticalAlignment\":\"center\"} -->\n&lt;div class=\"wp-block-column is-vertically-aligned-center\">&lt;!-- wp:image {\"aspectRatio\":\"3\/4\",\"scale\":\"cover\",\"sizeSlug\":\"full\",\"linkDestination\":\"none\",\"className\":\"\"} -->\n&lt;figure class=\"wp-block-image size-full\">&lt;img src=\"https:\/\/contato2512a8b17c-wybve.wordpress.com\/wp-content\/uploads\/2025\/09\/comunicacao-e-eventos-11.jpeg\" alt=\"The image features glass and black metal tables, stacked circular, with off-white invitation cards laid out on top. The wo...\" style=\"aspect-ratio:3\/4;object-fit:cover\" title=\"title\"\/>&lt;\/figure>\n&lt;!-- \/wp:image -->&lt;\/div>\n&lt;!-- \/wp:column -->\n\n&lt;!-- wp:column {\"verticalAlignment\":\"center\",\"layout\":{\"type\":\"constrained\",\"justifyContent\":\"left\",\"contentSize\":\"460px\"}} -->\n&lt;div class=\"wp-block-column is-vertically-aligned-center\">&lt;!-- wp:heading {\"className\":\"\"} -->\n&lt;h2 class=\"wp-block-heading\">Inova\u00e7\u00e3o&lt;\/h2>\n&lt;!-- \/wp:heading -->\n\n&lt;!-- wp:paragraph {\"className\":\"\"} -->\n&lt;p>Na PH Comunica\u00e7\u00e3o, unimos criatividade e estrat\u00e9gia para entregar solu\u00e7\u00f5es de comunica\u00e7\u00e3o e organiza\u00e7\u00e3o de eventos que fazem a diferen\u00e7a. Nosso foco \u00e9 transformar ideias em a\u00e7\u00f5es memor\u00e1veis, promovendo impacto e conectando marcas ao seu p\u00fablico de forma eficaz.&lt;\/p>\n&lt;!-- \/wp:paragraph -->\n\n&lt;!-- wp:buttons -->\n&lt;div class=\"wp-block-buttons\">&lt;!-- wp:button {\"className\":\"\"} -->\n&lt;div class=\"wp-block-button\">&lt;a class=\"wp-block-button__link wp-element-button\" href=\"about\">Quem Somos&lt;\/a>&lt;\/div>\n&lt;!-- \/wp:button -->&lt;\/div>\n&lt;!-- \/wp:buttons -->&lt;\/div>\n&lt;!-- \/wp:column -->&lt;\/div>\n&lt;!-- \/wp:columns -->&lt;\/div>\n&lt;!-- \/wp:group -->\n\n&lt;!-- wp:group {\"metadata\":{\"categories\":&#91;\"services\"],\"name\":\"Services Offered\",\"patternName\":\"assembler\/services-1\",\"patternCategory\":\"services\",\"remotePatternId\":13399},\"align\":\"full\",\"className\":\"alignfull is-style-default\",\"style\":{\"spacing\":{\"margin\":{\"top\":\"0\",\"bottom\":\"0\"},\"padding\":{\"top\":\"var:preset|spacing|50\",\"bottom\":\"var:preset|spacing|50\"}}},\"layout\":{\"type\":\"constrained\"}} -->\n&lt;div class=\"wp-block-group alignfull is-style-default\" id=\"services-section\" style=\"margin-top:0;margin-bottom:0;padding-top:var(--wp--preset--spacing--50);padding-bottom:var(--wp--preset--spacing--50)\">&lt;!-- wp:group {\"metadata\":{\"name\":\"Sections\"},\"align\":\"wide\"} -->\n&lt;div class=\"wp-block-group alignwide\">&lt;!-- wp:group {\"metadata\":{\"name\":\"Section\"},\"align\":\"wide\"} -->\n&lt;div class=\"wp-block-group alignwide\">&lt;!-- wp:columns {\"metadata\":{\"name\":\"Items\"},\"align\":\"wide\",\"style\":{\"spacing\":{\"blockGap\":{\"top\":\"var:preset|spacing|30\",\"left\":\"var:preset|spacing|30\"}}}} -->\n&lt;div class=\"wp-block-columns alignwide\">&lt;!-- wp:column -->\n&lt;div class=\"wp-block-column\">&lt;!-- wp:heading {\"style\":{\"layout\":{\"selfStretch\":\"fixed\",\"flexSize\":\"100%\"}}} -->\n&lt;h2 class=\"wp-block-heading\">Services&lt;\/h2>\n&lt;!-- \/wp:heading -->\n\n&lt;!-- wp:spacer {\"height\":\"var:preset|spacing|10\",\"style\":{\"spacing\":{\"margin\":{\"top\":\"0\",\"bottom\":\"0\"}}}} -->\n&lt;div style=\"margin-top:0;margin-bottom:0;height:var(--wp--preset--spacing--10)\" aria-hidden=\"true\" class=\"wp-block-spacer\">&lt;\/div>\n&lt;!-- \/wp:spacer -->&lt;\/div>\n&lt;!-- \/wp:column -->\n\n&lt;!-- wp:column {\"metadata\":{\"name\":\"Item\"},\"style\":{\"spacing\":{\"blockGap\":\"0\"}}} -->\n&lt;div class=\"wp-block-column\">&lt;!-- wp:group {\"layout\":{\"type\":\"default\"}} -->\n&lt;div class=\"wp-block-group\">&lt;!-- wp:image {\"aspectRatio\":\"4\/3\",\"scale\":\"cover\",\"sizeSlug\":\"large\",\"linkDestination\":\"none\",\"className\":\"\",\"style\":{\"color\":{\"duotone\":\"unset\"}}} -->\n&lt;figure class=\"wp-block-image size-large\">&lt;img src=\"https:\/\/contato2512a8b17c-wybve.wordpress.com\/wp-content\/uploads\/2025\/09\/comunicacao-e-eventos-12.jpeg\" alt=\"A man in a business suit is presenting data to a group of people, standing near a TV screen displaying spreadsheets and ch...\" style=\"aspect-ratio:4\/3;object-fit:cover\"\/>&lt;\/figure>\n&lt;!-- \/wp:image -->\n\n&lt;!-- wp:paragraph {\"className\":\"is-service-description\"} -->\n&lt;p class=\"is-service-description\">Servi\u00e7os de representa\u00e7\u00e3o e gest\u00e3o de atletas e artistas.&lt;\/p>\n&lt;!-- \/wp:paragraph -->&lt;\/div>\n&lt;!-- \/wp:group -->&lt;\/div>\n&lt;!-- \/wp:column -->\n\n&lt;!-- wp:column {\"metadata\":{\"name\":\"Item\"},\"style\":{\"spacing\":{\"blockGap\":\"0\"}}} -->\n&lt;div class=\"wp-block-column\">&lt;!-- wp:group {\"layout\":{\"type\":\"default\"}} -->\n&lt;div class=\"wp-block-group\">&lt;!-- wp:image {\"aspectRatio\":\"4\/3\",\"scale\":\"cover\",\"sizeSlug\":\"large\",\"linkDestination\":\"none\",\"className\":\"\",\"style\":{\"color\":{\"duotone\":\"unset\"}}} -->\n&lt;figure class=\"wp-block-image size-large\">&lt;img src=\"https:\/\/contato2512a8b17c-wybve.wordpress.com\/wp-content\/uploads\/2025\/09\/comunicacao-e-eventos-13.jpeg\" alt=\"A microphone, headphones, and a mixer are shown in this photograph.\" style=\"aspect-ratio:4\/3;object-fit:cover\"\/>&lt;\/figure>\n&lt;!-- \/wp:image -->\n\n&lt;!-- wp:paragraph {\"className\":\"is-service-description\"} -->\n&lt;p class=\"is-service-description\">Organiza\u00e7\u00e3o e produ\u00e7\u00e3o de eventos corporativos e culturais.&lt;\/p>\n&lt;!-- \/wp:paragraph -->&lt;\/div>\n&lt;!-- \/wp:group -->&lt;\/div>\n&lt;!-- \/wp:column -->&lt;\/div>\n&lt;!-- \/wp:columns -->&lt;\/div>\n&lt;!-- \/wp:group -->&lt;\/div>\n&lt;!-- \/wp:group -->&lt;\/div>\n&lt;!-- \/wp:group -->\n\n&lt;!-- wp:group {\"metadata\":{\"name\":\"Image Galleries\",\"patternCategory\":\"gallery\",\"remotePatternId\":13530},\"align\":\"full\",\"className\":\"is-style-default\",\"style\":{\"spacing\":{\"margin\":{\"top\":\"0\",\"bottom\":\"0\"},\"padding\":{\"top\":\"var:preset|spacing|40\",\"bottom\":\"var:preset|spacing|40\"},\"blockGap\":\"var:preset|spacing|40\"}},\"layout\":{\"type\":\"constrained\",\"justifyContent\":\"center\"}} -->\n&lt;div class=\"wp-block-group alignfull is-style-default\" id=\"gallery-section\" style=\"margin-top:0;margin-bottom:0;padding-top:var(--wp--preset--spacing--40);padding-bottom:var(--wp--preset--spacing--40)\">&lt;!-- wp:columns {\"align\":\"wide\"} -->\n&lt;div class=\"wp-block-columns alignwide\">&lt;!-- wp:column {\"width\":\"50%\",\"style\":{\"spacing\":{\"blockGap\":\"var:preset|spacing|30\"}}} -->\n&lt;div class=\"wp-block-column\" style=\"flex-basis:50%\">&lt;!-- wp:image {\"aspectRatio\":\"3\/4\",\"scale\":\"cover\",\"sizeSlug\":\"full\",\"linkDestination\":\"none\",\"className\":\"\"} -->\n&lt;figure class=\"wp-block-image size-full\">&lt;img src=\"https:\/\/contato2512a8b17c-wybve.wordpress.com\/wp-content\/uploads\/2025\/09\/comunicacao-e-eventos-15.jpeg\" alt=\"Three fabric flags in pink red, bright orange, and green blow lightly in a courtyard with a building structure in the back...\" style=\"aspect-ratio:3\/4;object-fit:cover\"\/>&lt;\/figure>\n&lt;!-- \/wp:image -->\n\n&lt;!-- wp:group {\"layout\":{\"type\":\"constrained\",\"justifyContent\":\"left\",\"contentSize\":\"640px\"}} -->\n&lt;div class=\"wp-block-group\">&lt;!-- wp:paragraph {\"className\":\"\"} -->\n&lt;p>Nossa experi\u00eancia em comunica\u00e7\u00e3o e organiza\u00e7\u00e3o de eventos garante resultados impactantes e solu\u00e7\u00f5es personalizadas para cada projeto, fortalecendo a sua marca.&lt;\/p>\n&lt;!-- \/wp:paragraph -->&lt;\/div>\n&lt;!-- \/wp:group -->&lt;\/div>\n&lt;!-- \/wp:column -->\n\n&lt;!-- wp:column {\"width\":\"50%\"} -->\n&lt;div class=\"wp-block-column\" style=\"flex-basis:50%\">&lt;\/div>\n&lt;!-- \/wp:column -->&lt;\/div>\n&lt;!-- \/wp:columns -->\n\n&lt;!-- wp:columns {\"align\":\"wide\"} -->\n&lt;div class=\"wp-block-columns alignwide\">&lt;!-- wp:column {\"width\":\"50%\"} -->\n&lt;div class=\"wp-block-column\" style=\"flex-basis:50%\">&lt;\/div>\n&lt;!-- \/wp:column -->\n\n&lt;!-- wp:column {\"width\":\"50%\",\"style\":{\"spacing\":{\"blockGap\":\"var:preset|spacing|30\"}}} -->\n&lt;div class=\"wp-block-column\" style=\"flex-basis:50%\">&lt;!-- wp:image {\"aspectRatio\":\"3\/4\",\"scale\":\"cover\",\"sizeSlug\":\"full\",\"linkDestination\":\"none\",\"className\":\"\"} -->\n&lt;figure class=\"wp-block-image size-full\">&lt;img src=\"https:\/\/contato2512a8b17c-wybve.wordpress.com\/wp-content\/uploads\/2025\/09\/comunicacao-e-eventos-14.jpeg\" alt=\"A video camera capturing a soccer game.\" style=\"aspect-ratio:3\/4;object-fit:cover\"\/>&lt;\/figure>\n&lt;!-- \/wp:image -->\n\n&lt;!-- wp:group {\"layout\":{\"type\":\"constrained\",\"justifyContent\":\"left\",\"contentSize\":\"640px\"}} -->\n&lt;div class=\"wp-block-group\">&lt;!-- wp:paragraph {\"className\":\"\"} -->\n&lt;p>Transformamos ideias em a\u00e7\u00f5es concretas, promovendo eventos memor\u00e1veis e estrat\u00e9gias de comunica\u00e7\u00e3o que conectam seu p\u00fablico ao posicionamento desejado.&lt;\/p>\n&lt;!-- \/wp:paragraph -->&lt;\/div>\n&lt;!-- \/wp:group -->&lt;\/div>\n&lt;!-- \/wp:column -->&lt;\/div>\n&lt;!-- \/wp:columns -->&lt;\/div>\n&lt;!-- \/wp:group -->\n\n&lt;!-- wp:group {\"metadata\":{\"name\":\"Contact\",\"patternCategory\":\"contact\",\"remotePatternId\":13654},\"align\":\"full\",\"className\":\"is-style-section-1\",\"style\":{\"spacing\":{\"padding\":{\"top\":\"var:preset|spacing|50\",\"bottom\":\"var:preset|spacing|40\"},\"blockGap\":\"var:preset|spacing|40\"}},\"layout\":{\"type\":\"constrained\",\"justifyContent\":\"center\"}} -->\n&lt;div class=\"wp-block-group alignfull is-style-section-1\" id=\"contact-section\" style=\"padding-top:var(--wp--preset--spacing--50);padding-bottom:var(--wp--preset--spacing--40)\">&lt;!-- wp:group {\"style\":{\"spacing\":{\"blockGap\":\"40px\"}},\"layout\":{\"type\":\"default\"}} -->\n&lt;div class=\"wp-block-group\">&lt;!-- wp:heading {\"textAlign\":\"center\"} -->\n&lt;h2 class=\"wp-block-heading has-text-align-center\">Visit us&lt;\/h2>\n&lt;!-- \/wp:heading -->\n\n&lt;!-- wp:group {\"metadata\":{\"name\":\"Address\"},\"style\":{\"spacing\":{\"blockGap\":\"var:preset|spacing|10\",\"padding\":{\"top\":\"var:preset|spacing|20\",\"bottom\":\"var:preset|spacing|20\"}}},\"layout\":{\"type\":\"default\"}} -->\n&lt;div class=\"wp-block-group\" style=\"padding-top:var(--wp--preset--spacing--20);padding-bottom:var(--wp--preset--spacing--20)\">&lt;!-- wp:paragraph {\"align\":\"center\",\"className\":\"is-contact-address\"} -->\n&lt;p class=\"has-text-align-center is-contact-address\">Rio de Janeiro, Brasil&lt;\/p>\n&lt;!-- \/wp:paragraph -->&lt;\/div>\n&lt;!-- \/wp:group -->\n\n&lt;!-- wp:group {\"metadata\":{\"name\":\"Phone\"},\"style\":{\"spacing\":{\"blockGap\":\"0\"}},\"layout\":{\"type\":\"default\"}} -->\n&lt;div class=\"wp-block-group\">&lt;!-- wp:heading {\"textAlign\":\"center\",\"level\":3,\"fontSize\":\"small\"} -->\n&lt;h3 class=\"wp-block-heading has-text-align-center has-small-font-size\">Hours&lt;\/h3>\n&lt;!-- \/wp:heading -->\n\n&lt;!-- wp:paragraph {\"align\":\"center\",\"className\":\"is-contact-opening-hours\"} -->\n&lt;p class=\"has-text-align-center is-contact-opening-hours\">Monday\u2014Friday\n9am-6pm&lt;\/p>\n&lt;!-- \/wp:paragraph -->&lt;\/div>\n&lt;!-- \/wp:group -->\n\n&lt;!-- wp:group {\"metadata\":{\"name\":\"Phone\"},\"style\":{\"spacing\":{\"blockGap\":\"0\"}},\"layout\":{\"type\":\"default\"}} -->\n&lt;div class=\"wp-block-group\">&lt;!-- wp:heading {\"textAlign\":\"center\",\"level\":3,\"fontSize\":\"small\"} -->\n&lt;h3 class=\"wp-block-heading has-text-align-center has-small-font-size\">Phone&lt;\/h3>\n&lt;!-- \/wp:heading -->\n\n&lt;!-- wp:paragraph {\"align\":\"center\"} -->\n&lt;p class=\"has-text-align-center\">(123) 456-7890&lt;\/p>\n&lt;!-- \/wp:paragraph -->&lt;\/div>\n&lt;!-- \/wp:group -->&lt;\/div>\n&lt;!-- \/wp:group -->\n\n&lt;!-- wp:group {\"align\":\"wide\",\"layout\":{\"type\":\"default\"}} -->\n&lt;div class=\"wp-block-group alignwide\">&lt;!-- wp:group {\"style\":{\"dimensions\":{\"minHeight\":600}}} -->\n&lt;div class=\"wp-block-group\" style=\"min-height:600px\">&lt;!-- wp:jetpack\/map {\"align\":\"full\",\"points\":&#91;{\"placeTitle\":\"Rio de Janeiro, Brasil\",\"title\":\"PH Comunica\u00e7\u00e3o, Esportes e Cultura\",\"caption\":\"\",\"id\":\"place.0.09024513226425535\",\"coordinates\":{\"latitude\":-22.909534,\"longitude\":-43.209934}}],\"zoom\":12,\"mapCenter\":{\"lat\":-22.909550129953335,\"lng\":-43.209934000000004},\"markerColor\":\"#151515\",\"mapHeight\":600,\"className\":\"is-style-satellite\"} -->\n&lt;div class=\"wp-block-jetpack-map is-style-satellite alignfull\" data-map-style=\"satellite\" data-map-details=\"true\" data-points=\"&#91;{&amp;quot;placeTitle&amp;quot;:&amp;quot;Rio de Janeiro, Brasil&amp;quot;,&amp;quot;title&amp;quot;:&amp;quot;PH Comunica\u00e7\u00e3o, Esportes e Cultura&amp;quot;,&amp;quot;caption&amp;quot;:&amp;quot;&amp;quot;,&amp;quot;id&amp;quot;:&amp;quot;place.0.09024513226425535&amp;quot;,&amp;quot;coordinates&amp;quot;:{&amp;quot;latitude&amp;quot;:-22.909534,&amp;quot;longitude&amp;quot;:-43.209934}}]\" data-zoom=\"12\" data-map-center=\"{&amp;quot;lat&amp;quot;:-22.909550129953335,&amp;quot;lng&amp;quot;:-43.209934000000004}\" data-marker-color=\"#151515\" data-map-height=\"600\" data-show-fullscreen-button=\"true\">&lt;ul>&lt;li>&lt;a href=\"https:\/\/www.google.com\/maps\/search\/?api=1&amp;amp;query=-22.909534,-43.209934\">PH Comunica\u00e7\u00e3o, Esportes e Cultura&lt;\/a>&lt;\/li>&lt;\/ul>&lt;\/div>\n&lt;!-- \/wp:jetpack\/map -->&lt;\/div>\n&lt;!-- \/wp:group -->&lt;\/div>\n&lt;!-- \/wp:group -->&lt;\/div>\n&lt;!-- \/wp:group --><\/code><\/pre>\n","protected":false},"excerpt":{"rendered":"","protected":false},"author":1,"featured_media":0,"parent":0,"menu_order":0,"comment_status":"closed","ping_status":"closed","template":"","meta":{"footnotes":""},"class_list":["post-6","page","type-page","status-publish","hentry"],"_links":{"self":[{"href":"https:\/\/phesportesecultura.com.br\/index.php\/wp-json\/wp\/v2\/pages\/6","targetHints":{"allow":["GET"]}}],"collection":[{"href":"https:\/\/phesportesecultura.com.br\/index.php\/wp-json\/wp\/v2\/pages"}],"about":[{"href":"https:\/\/phesportesecultura.com.br\/index.php\/wp-json\/wp\/v2\/types\/page"}],"author":[{"embeddable":true,"href":"https:\/\/phesportesecultura.com.br\/index.php\/wp-json\/wp\/v2\/users\/1"}],"replies":[{"embeddable":true,"href":"https:\/\/phesportesecultura.com.br\/index.php\/wp-json\/wp\/v2\/comments?post=6"}],"version-history":[{"count":2,"href":"https:\/\/phesportesecultura.com.br\/index.php\/wp-json\/wp\/v2\/pages\/6\/revisions"}],"predecessor-version":[{"id":9,"href":"https:\/\/phesportesecultura.com.br\/index.php\/wp-json\/wp\/v2\/pages\/6\/revisions\/9"}],"wp:attachment":[{"href":"https:\/\/phesportesecultura.com.br\/index.php\/wp-json\/wp\/v2\/media?parent=6"}],"curies":[{"name":"wp","href":"https:\/\/api.w.org\/{rel}","templated":true}]}}